801
Calculate the greatest common divisor of 931 and 206569153.
49
Calculate the greatest common factor of 515 and 16526659.
103
Calculate the highest common factor of 2216033 and 2519.
229
What is the greatest common factor of 2059901 and 407?
37
What is the greatest common divisor of 240 and 260999184?
48
What is the highest common divisor of 25043928 and 210?
42
Calculate the highest common divisor of 49 and 151625.
1
What is the highest common factor of 50 and 3414?
2
What is the greatest common divisor of 9920 and 578554240?
9920
What is the highest common factor of 54982 and 311317?
743
What is the greatest common factor of 50 and 899157780?
10
Calculate the greatest common divisor of 587 and 252986434.
587
Calculate the greatest common factor of 23894 and 9198271.
919
What is the highest common divisor of 1328 and 792816000?
1328
What is the greatest common factor of 204374 and 12512?
34
What is the greatest common divisor of 269688 and 4182?
102
Calculate the highest common factor of 172 and 101993764.
172
Calculate the greatest common divisor of 885 and 2490585.
15
What is the greatest common divisor of 1049592 and 151983?
1299
Calculate the highest common divisor of 937395 and 1065.
15
Calculate the greatest common factor of 7603374 and 24230.
4846
What is the highest common factor of 2453 and 216876643?
223
What is the greatest common divisor of 38332433 and 153?
17
Calculate the greatest common divisor of 23175117 and 189.
63
What is the highest common divisor of 112201 and 119939?
3869
Calculate the greatest common factor of 171 and 56600031.
57
Calculate the highest common divisor of 512554 and 2158868.
2362
Calculate the highest common divisor of 11657351 and 3473.
151
What is the highest common factor of 363330 and 26620?
110
What is the highest common divisor of 6981 and 72352695?
537
What is the highest common factor of 104484495 and 2642?
1321
What is the highest common divisor of 176 and 13997676?
44
Calculate the highest common divisor of 502533 and 201.
3
What is the greatest common divisor of 11148 and 47604?
12
What is the greatest common factor of 57792176 and 5200?
208
Calculate the highest common factor of 311006 and 118.
2
Calculate the highest common divisor of 7038 and 16677.
153
What is the greatest common factor of 129 and 59874748?
43
What is the highest common divisor of 29453055 and 105?
15
What is the highest common factor of 2815 and 172320?
5
Calculate the highest common factor of 32748 and 1104.
12
Calculate the highest common factor of 5775 and 23932425.
825
What is the greatest common divisor of 2268 and 1005900?
84
What is the greatest common factor of 26162089 and 2349?
29
What is the highest common divisor of 2267128 and 1961?
53
Calculate the greatest common divisor of 186 and 156221679.
93
Calculate the greatest common divisor of 2517942 and 2478.
42
What is the highest common divisor of 156114 and 13500?
54
Calculate the greatest common factor of 598253 and 1748.
437
Calculate the highest common divisor of 163966210 and 20.
10
What is the highest common factor of 880291 and 10553?
61
What is the greatest common factor of 7258 and 777370?
382
What is the greatest common divisor of 137830525 and 25?
25
What is the greatest common divisor of 2024880 and 62127?
2301
What is the highest common factor of 9660 and 2452?
4
Calculate the greatest common factor of 393070 and 138.
46
What is the greatest common divisor of 19084217 and 86?
43
What is the greatest common divisor of 128275 and 5075?
175
What is the highest common factor of 12516930 and 404?
202
What is the greatest common divisor of 488288 and 2208?
32
Calculate the highest common factor of 166879 and 125542.
1531
Calculate the greatest common divisor of 597042 and 33538.
82
What is the highest common factor of 13217792 and 784?
112
What is the highest common divisor of 251 and 18720584?
251
Calculate the highest common divisor of 27714 and 508710.
186
Calculate the greatest common factor of 9463545 and 1170.
585
What is the highest common divisor of 392 and 3960376?
392
What is the greatest common divisor of 10706692 and 4?
4
Calculate the highest common factor of 16 and 19519464.
8
What is the greatest common factor of 1428 and 335988?
204
Calculate the greatest common factor of 748 and 51091392.
748
Calculate the highest common divisor of 6141 and 6016133.
2047
What is the greatest common factor of 444 and 316524?
12
Calculate the greatest common factor of 124 and 4180102.
62
Calculate the highest common divisor of 872700712 and 6032.
3016
Calculate the greatest common factor of 2007 and 247471128.
2007
Calculate the highest common factor of 3419330 and 685610.
1090
What is the greatest common factor of 28 and 5919060?
28
Calculate the greatest common divisor of 6264397 and 526.
263
What is the greatest common factor of 2725 and 419075?
25
Calculate the highest common divisor of 45041 and 1905913.
617
What is the greatest common factor of 4465 and 60635?
5
What is the greatest common divisor of 16305 and 859515?
15
Calculate the greatest common divisor of 212067778 and 928.
58
What is the highest common factor of 13734 and 319125186?
1962
What is the greatest common factor of 7527870 and 21870?
270
Calculate the greatest common divisor of 3254070 and 96.
6
Calculate the highest common factor of 1700 and 803100.
100
What is the greatest common divisor of 814983631 and 2156?
539
Calculate the highest common divisor of 14648348 and 26.
26
Calculate the highest common factor of 4677365 and 6545.
385
Calculate the greatest common factor of 4756 and 2456474.
2378
What is the greatest common factor of 7126060 and 32?
4
What is the highest common factor of 2286039 and 720153?
483
What is the greatest common divisor of 443720643 and 948?
237
What is the highest common divisor of 762 and 79229585?
127
What is the highest common factor of 437520 and 14880?
240
What is the greatest common divisor of 2717 and 761904?
143
Calculate the highest common factor of 47359573 and 862.
431
What is the highest common factor of 11990 and 2365845?
545
What is the greatest common factor of 392364 and 1344210?
7266
What is the highest common factor of 12570 and 1008825?
15
Calculate the greatest common factor of 1565380 and 146165.
4715
What is the highest common factor of 88022 and 63360?
22
What is the greatest common divisor of 8360 and 112237807?
209
What is the greatest common divisor of 2 and 888747?
1
Calculate the greatest common factor of 249251575 and 2350.
1175
Calculate the greatest common divisor of 603 and 2991081.
201
Calculate the greatest common divisor of 234251175 and 150.
75
What is the greatest common divisor of 608154199 and 2029?
2029
What is the highest common factor of 31413474 and 594?
54
Calculate the highest common divisor of 3567 and 74825697.
123
What is the greatest common factor of 556 and 878596?
4
Calculate the greatest common factor of 203958 and 810.
162
Calculate the greatest common divisor of 5747243 and 3924.
109
Calculate the highest common divisor of 8473239 and 9.
9
Calculate the highest common factor of 6 and 3360912.
6
Calculate the greatest common factor of 42050680 and 27208.
1432
What is the highest common divisor of 5919 and 409677666?
5919
What is the highest common factor of 6286 and 50712754?
898
Calculate the greatest common factor of 4592 and 1214912.
656
What is the greatest common factor of 190801 and 9971?
169
Calculate the greatest common factor of 2423465 and 556.
139
What is the highest common divisor of 3420 and 582464?
76
What is the highest common divisor of 5684 and 18754358?
2842
Calculate the highest common factor of 446683468 and 84.
28
Calculate the greatest common factor of 528882 and 2095980.
1086
Calculate the greatest common divisor of 16647 and 233709.
93
What is the highest common factor of 4 and 163433356?
4
What is the highest common divisor of 173490 and 9690?
30
Calculate the highest common divisor of 20 and 29819345.
5
Calculate the greatest common divisor of 243 and 3051621.
27
What is the highest common divisor of 5089741126 and 194?
194
What is the highest common factor of 116 and 1141144171?
29
Calculate the greatest common factor of 39940410 and 255.
15
What is the greatest common 